{"id":49,"date":"2017-03-05T15:43:06","date_gmt":"2017-03-05T18:43:06","guid":{"rendered":"http:\/\/www.marianoacciardi.com.ar\/wp\/?page_id=49"},"modified":"2019-02-02T06:07:06","modified_gmt":"2019-02-02T09:07:06","slug":"links","status":"publish","type":"page","link":"https:\/\/www.marianoacciardi.com.ar\/?page_id=49","title":{"rendered":"Links"},"content":{"rendered":"<p><strong><img fetchpriority=\"high\" decoding=\"async\" class=\"size-full wp-image-148 alignleft\" src=\"https:\/\/www.marianoacciardi.com.ar\/\/wp-content\/uploads\/2018\/03\/links.gif\" alt=\"\" width=\"266\" height=\"435\" \/> Sitios Amigos:<\/strong><br \/>\n<a href=\"https:\/\/www.google.com\/maps\/uv?hl=es-419&amp;pb=!1s0x959b5dcfec0a9391:0x13f75aad2deccd61!2m22!2m2!1i80!2i80!3m1!2i20!16m16!1b1!2m2!1m1!1e1!2m2!1m1!1e3!2m2!1m1!1e5!2m2!1m1!1e4!2m2!1m1!1e6!3m1!7e115!4shttps:\/\/www.booking.com\/hotel\/ar\/la-hora-del-sol-apart.html?aid%3D1213432;label%3Dseogooglelocal-link-imagesaow-hotel-1663574_grp-2_gendate-20190110;utm_source%3Dseogooglelocal;utm_medium%3Dphoto;utm_term%3Dhotel-1663574_photo-61644952!5sLa+Hora+del+Sol+-+Apart+Mar+de+las+Pampas+Villa+Gesell+Buenos+Aires+-+Buscar+con+Google&amp;imagekey=!1e1!2shttp:\/\/bstatic.com\/xdata\/w\/hotel\/840x460_watermarked_standard_bluecom\/Ul3GqKEkxCvwzfvLcU7dNpZIUGBpE4-5bhVwgHF4eN3rzCSyLH9XuzLaqEyS-5jlyL48gbRVh2qLSPT0j0fp456rMQduVl2RVmpSUl0f6CF3f9UAcYo_iqO_u3kX8bg.jpg&amp;sa=X&amp;ved=2ahUKEwiHm4-J2ZzgAhWXKLkGHZdlDHkQoiowCnoECAUQBg\">La Hora del Sol Apart<\/a><\/p>\n<p><a href=\"http:\/\/www.bostonland.com.ar\">Bostonland: Boston terriers<\/a><\/p>\n<p><a href=\"http:\/\/www.entrelodicho.com.ar\">Blog de Diana<\/a><\/p>\n<p><a href=\"http:\/\/lodigital.com.ar\/moebius\/\">Moebius<\/a><\/p>\n<p><strong>GNU\/Linux y tecnolog\u00eda<\/strong><\/p>\n<p><a href=\"http:\/\/www.debian.org\">Mi amada distribuci\u00f3n<\/a><\/p>\n<p><a href=\"http:\/\/www.distrowatch.com\">DistrosWatch<\/a><\/p>\n<p><a href=\"https:\/\/slashdot.org\/\">Noticias Slashdot<\/a><\/p>\n<p><strong>Filosof\u00eda Psicoan\u00e1lisis y Psicolog\u00eda:<\/strong><\/p>\n<p><a href=\"http:\/\/www.psicoanalisis.org\">Biblioteca de Psicoan\u00e1lisis<\/a><\/p>\n<p><a href=\"http:\/\/www.efbaires.com.ar\/\">Escuela freudiana Bs.As.<\/a><\/p>\n<p><a href=\"http:\/\/www.psicomundo.com\">Psico Mundo<\/a><\/p>\n<p>&nbsp;<\/p>\n","protected":false},"excerpt":{"rendered":"<p>Sitios Amigos: La Hora del Sol Apart Bostonland: Boston terriers Blog de Diana Moebius GNU\/Linux y tecnolog\u00eda Mi amada distribuci\u00f3n DistrosWatch Noticias Slashdot Filosof\u00eda Psicoan\u00e1lisis y Psicolog\u00eda: Biblioteca de Psicoan\u00e1lisis Escuela freudiana Bs.As. Psico Mundo &nbsp;<\/p>\n<p> <a class=\"continue-reading-link\" href=\"https:\/\/www.marianoacciardi.com.ar\/?page_id=49\"><span>Continue reading<\/span><i class=\"crycon-right-dir\"><\/i><\/a> <\/p>\n","protected":false},"author":1,"featured_media":0,"parent":0,"menu_order":0,"comment_status":"closed","ping_status":"closed","template":"","meta":{"_eb_attr":"","footnotes":""},"class_list":["post-49","page","type-page","status-publish","hentry"],"aioseo_notices":[],"_links":{"self":[{"href":"https:\/\/www.marianoacciardi.com.ar\/index.php?rest_route=\/wp\/v2\/pages\/49","targetHints":{"allow":["GET"]}}],"collection":[{"href":"https:\/\/www.marianoacciardi.com.ar\/index.php?rest_route=\/wp\/v2\/pages"}],"about":[{"href":"https:\/\/www.marianoacciardi.com.ar\/index.php?rest_route=\/wp\/v2\/types\/page"}],"author":[{"embeddable":true,"href":"https:\/\/www.marianoacciardi.com.ar\/index.php?rest_route=\/wp\/v2\/users\/1"}],"replies":[{"embeddable":true,"href":"https:\/\/www.marianoacciardi.com.ar\/index.php?rest_route=%2Fwp%2Fv2%2Fcomments&post=49"}],"version-history":[{"count":0,"href":"https:\/\/www.marianoacciardi.com.ar\/index.php?rest_route=\/wp\/v2\/pages\/49\/revisions"}],"wp:attachment":[{"href":"https:\/\/www.marianoacciardi.com.ar\/index.php?rest_route=%2Fwp%2Fv2%2Fmedia&parent=49"}],"curies":[{"name":"wp","href":"https:\/\/api.w.org\/{rel}","templated":true}]}}